185.234.69.220 - - [19/Oct/2022:11:04:30 -0700] "GET /%E7%91%A8%E7%81%B4%E2%BC%BA%E7%9C%AF%E7%9D%B7%E6%90%AE%E7%99%A1%E6%91%A9%E7%91%B3%E6%85%B2%E6%85%B4%E2%B9%B3%E6%BD%A3%E2%BD%AD%E3%84%B2%E7%80%AE%E6%99%A4 HTTP/1.1" 404 88 "-" "Mozilla/5.0 (compatible; MJ12bot/v1.4.8; http://mj12bot.com/)" "www.davidstratas.com"
185.234.69.220 - - [19/Oct/2022:11:04:34 -0700] "GET /%E7%91%A8%E7%81%B4%E2%BC%BA%E7%9C%AF%E7%9D%B7%E6%90%AE%E7%99%A1%E6%91%A9%E7%91%B3%E6%85%B2%E6%85%B4%E2%B9%B3%E6%BD%A3%E2%BD%AD%E3%88%B1%E7%80%AE%E6%99%A4 HTTP/1.1" 404 88 "-" "Mozilla/5.0 (compatible; MJ12bot/v1.4.8; http://mj12bot.com/)" "www.davidstratas.com"
185.234.69.220 - - [19/Oct/2022:11:04:37 -0700] "GET /%E7%91%A8%E7%81%B4%E2%BC%BA%E7%9C%AF%E7%9D%B7%E6%90%AE%E7%99%A1%E6%91%A9%E7%91%B3%E6%85%B2%E6%85%B4%E2%B9%B3%E6%BD%A3%E2%BD%AD%E3%88%B2%E7%80%AE%E6%99%A4 HTTP/1.1" 404 88 "-" "Mozilla/5.0 (compatible; MJ12bot/v1.4.8; http://mj12bot.com/)" "www.davidstratas.com"
185.234.69.220 - - [19/Oct/2022:11:04:42 -0700] "GET /%E7%91%A8%E7%81%B4%E2%BC%BA%E7%9C%AF%E7%9D%B7%E6%90%AE%E7%99%A1%E6%91%A9%E7%91%B3%E6%85%B2%E6%85%B4%E2%B9%B3%E6%BD%A3%E2%BD%AD%E3%8C%B1%E7%80%AE%E6%99%A4 HTTP/1.1" 404 88 "-" "Mozilla/5.0 (compatible; MJ12bot/v1.4.8; http://mj12bot.com/)" "www.davidstratas.com"
185.234.69.220 - - [19/Oct/2022:11:04:48 -0700] "GET /%E7%91%A8%E7%81%B4%E2%BC%BA%E7%9C%AF%E7%9D%B7%E6%90%AE%E7%99%A1%E6%91%A9%E7%91%B3%E6%85%B2%E6%85%B4%E2%B9%B3%E6%BD%A3%E2%BD%AD%E3%8C%B2%E7%80%AE%E6%99%A4 HTTP/1.1" 404 88 "-" "Mozilla/5.0 (compatible; MJ12bot/v1.4.8; http://mj12bot.com/)" "www.davidstratas.com"
185.234.69.220 - - [19/Oct/2022:11:04:52 -0700] "GET /%E7%91%A8%E7%81%B4%E2%BC%BA%E7%9C%AF%E7%9D%B7%E6%90%AE%E7%99%A1%E6%91%A9%E7%91%B3%E6%85%B2%E6%85%B4%E2%B9%B3%E6%BD%A3%E2%BD%AD%E3%90%B1%E7%80%AE%E6%99%A4 HTTP/1.1" 404 88 "-" "Mozilla/5.0 (compatible; MJ12bot/v1.4.8; http://mj12bot.com/)" "www.davidstratas.com"
185.234.69.220 - - [19/Oct/2022:11:04:55 -0700] "GET /%E7%91%A8%E7%81%B4%E2%BC%BA%E7%9C%AF%E7%9D%B7%E6%90%AE%E7%99%A1%E6%91%A9%E7%91%B3%E6%85%B2%E6%85%B4%E2%B9%B3%E6%BD%A3%E2%BD%AD%E3%90%B2%E7%80%AE%E6%99%A4 HTTP/1.1" 404 88 "-" "Mozilla/5.0 (compatible; MJ12bot/v1.4.8; http://mj12bot.com/)" "www.davidstratas.com"
185.234.69.220 - - [19/Oct/2022:11:04:57 -0700] "GET /%E7%91%A8%E7%81%B4%E2%BC%BA%E7%9C%AF%E7%9D%B7%E6%90%AE%E7%99%A1%E6%91%A9%E7%91%B3%E6%85%B2%E6%85%B4%E2%B9%B3%E6%BD%A3%E2%BD%AD%E3%94%B1%E7%80%AE%E6%99%A4 HTTP/1.1" 404 88 "-" "Mozilla/5.0 (compatible; MJ12bot/v1.4.8; http://mj12bot.com/)" "www.davidstratas.com"
185.234.69.220 - - [19/Oct/2022:11:05:00 -0700] "GET /%E7%91%A8%E7%81%B4%E2%BC%BA%E7%9C%AF%E7%9D%B7%E6%90%AE%E7%99%A1%E6%91%A9%E7%91%B3%E6%85%B2%E6%85%B4%E2%B9%B3%E6%BD%A3%E2%BD%AD%E6%95%B2%E7%95%B3%E6%95%AD%E6%BD%AC%E6%9D%AE%E7%80%AE%E6%99%A4 HTTP/1.1" 404 88 "-" "Mozilla/5.0 (compatible; MJ12bot/v1.4.8; http://mj12bot.com/)" "www.davidstratas.com"
185.234.69.220 - - [19/Oct/2022:11:05:10 -0700] "GET /%E7%91%A8%E7%81%B4%E2%BC%BA%E7%9C%AF%E7%9D%B7%E6%90%AE%E7%99%A1%E6%91%A9%E7%91%B3%E6%85%B2%E6%85%B4%E2%B9%B3%E6%BD%A3%E2%BD%AD%E6%95%B2%E7%95%B3%E6%95%AD%E7%80%AE%E6%99%A4 HTTP/1.1" 404 88 "-" "Mozilla/5.0 (compatible; MJ12bot/v1.4.8; http://mj12bot.com/)" "www.davidstratas.com"
185.234.69.220 - - [19/Oct/2022:11:05:20 -0700] "GET /%E7%91%A8%E7%81%B4%E2%BC%BA%E7%9C%AF%E7%9D%B7%E6%90%AE%E7%99%A1%E6%91%A9%E7%91%B3%E6%85%B2%E6%85%B4%E2%B9%B3%E6%BD%A3%E2%BD%AD%E7%89%A6%E6%B9%A5%E6%A1%A3%E6%90%AE%E6%8D%AF HTTP/1.1" 404 88 "-" "Mozilla/5.0 (compatible; MJ12bot/v1.4.8; http://mj12bot.com/)" "www.davidstratas.com"
185.234.69.220 - - [19/Oct/2022:11:05:30 -0700] "GET /%E7%91%A8%E7%81%B4%E2%BC%BA%E7%9C%AF%E7%9D%B7%E6%90%AE%E7%99%A1%E6%91%A9%E7%91%B3%E6%85%B2%E6%85%B4%E2%B9%B3%E6%BD%A3%E2%BD%AD%E7%95%A4%E7%8D%AE%E7%95%AD%E7%89%A9%E6%A0%AE%E6%B5%B4 HTTP/1.1" 404 88 "-" "Mozilla/5.0 (compatible; MJ12bot/v1.4.8; http://mj12bot.com/)" "www.davidstratas.com"
185.234.69.220 - - [19/Oct/2022:11:05:40 -0700] "GET /%E7%91%A8%E7%81%B4%E2%BC%BA%E7%9C%AF%E7%9D%B7%E6%A0%AE%E6%95%A5%E6%85%AE%E6%89%AE%E6%85%AC%E6%AD%A9%E6%95%A9%E6%8C%AE%E6%B5%AF HTTP/1.1" 404 88 "-" "Mozilla/5.0 (compatible; MJ12bot/v1.4.8; http://mj12bot.com/)" "www.davidstratas.com"
5.9.111.182 - - [19/Oct/2022:11:10:03 -0700] "GET /ads.txt HTTP/1.1" 404 88 "-" "Mozilla/5.0 (X11; Ubuntu; Linux x86_64; rv:81.0) Gecko/20100101 Firefox/81.0" "davidstratas.com"
5.9.111.182 - - [19/Oct/2022:11:10:04 -0700] "GET / HTTP/1.1" 200 240 "-" "Mozilla/5.0 (X11; Ubuntu; Linux x86_64; rv:81.0) Gecko/20100101 Firefox/81.0" "davidstratas.com"
66.249.66.198 - - [19/Oct/2022:11:14:55 -0700] "GET /robots.txt HTTP/1.1" 404 88 "-" "Mozilla/5.0 (compatible; Googlebot/2.1; +http://www.google.com/bot.html)" "davidstratas.com"
190.131.29.195 - - [19/Oct/2022:11:19:55 -0700] "GET /queensu/Tab19.pdf HTTP/1.1" 200 2221025 "https://www.google.com/" "Mozilla/5.0 (Windows NT 10.0; Win64; x64; rv:105.0) Gecko/20100101 Firefox/105.0" "davidstratas.com"
190.131.29.195 - - [19/Oct/2022:11:19:55 -0700] "GET /favicon.ico HTTP/1.1" 404 88 "http://davidstratas.com/" "Mozilla/5.0 (Windows NT 10.0; Win64; x64; rv:105.0) Gecko/20100101 Firefox/105.0" "davidstratas.com"
190.131.29.195 - - [19/Oct/2022:11:19:56 -0700] "GET /queensu/Tab19.pdf HTTP/1.1" 206 58337 "https://www.google.com/" "Mozilla/5.0 (Windows NT 10.0; Win64; x64; rv:105.0) Gecko/20100101 Firefox/105.0" "davidstratas.com"
190.131.29.195 - - [19/Oct/2022:11:19:56 -0700] "GET /queensu/Tab19.pdf HTTP/1.1" 206 65536 "https://www.google.com/" "Mozilla/5.0 (Windows NT 10.0; Win64; x64; rv:105.0) Gecko/20100101 Firefox/105.0" "davidstratas.com"
190.131.29.195 - - [19/Oct/2022:11:19:56 -0700] "GET /queensu/Tab19.pdf HTTP/1.1" 206 65536 "https://www.google.com/" "Mozilla/5.0 (Windows NT 10.0; Win64; x64; rv:105.0) Gecko/20100101 Firefox/105.0" "davidstratas.com"
190.131.29.195 - - [19/Oct/2022:11:19:56 -0700] "GET /queensu/Tab19.pdf HTTP/1.1" 206 65536 "https://www.google.com/" "Mozilla/5.0 (Windows NT 10.0; Win64; x64; rv:105.0) Gecko/20100101 Firefox/105.0" "davidstratas.com"
190.131.29.195 - - [19/Oct/2022:11:19:57 -0700] "GET /queensu/Tab19.pdf HTTP/1.1" 206 65536 "https://www.google.com/" "Mozilla/5.0 (Windows NT 10.0; Win64; x64; rv:105.0) Gecko/20100101 Firefox/105.0" "davidstratas.com"
190.131.29.195 - - [19/Oct/2022:11:19:57 -0700] "GET /queensu/Tab19.pdf HTTP/1.1" 206 65536 "https://www.google.com/" "Mozilla/5.0 (Windows NT 10.0; Win64; x64; rv:105.0) Gecko/20100101 Firefox/105.0" "davidstratas.com"
190.131.29.195 - - [19/Oct/2022:11:19:57 -0700] "GET /queensu/Tab19.pdf HTTP/1.1" 206 65536 "https://www.google.com/" "Mozilla/5.0 (Windows NT 10.0; Win64; x64; rv:105.0) Gecko/20100101 Firefox/105.0" "davidstratas.com"
190.131.29.195 - - [19/Oct/2022:11:19:57 -0700] "GET /queensu/Tab19.pdf HTTP/1.1" 206 65536 "https://www.google.com/" "Mozilla/5.0 (Windows NT 10.0; Win64; x64; rv:105.0) Gecko/20100101 Firefox/105.0" "davidstratas.com"
190.131.29.195 - - [19/Oct/2022:11:19:57 -0700] "GET /queensu/Tab19.pdf HTTP/1.1" 206 65536 "https://www.google.com/" "Mozilla/5.0 (Windows NT 10.0; Win64; x64; rv:105.0) Gecko/20100101 Firefox/105.0" "davidstratas.com"
190.131.29.195 - - [19/Oct/2022:11:19:57 -0700] "GET /queensu/Tab19.pdf HTTP/1.1" 206 65536 "https://www.google.com/" "Mozilla/5.0 (Windows NT 10.0; Win64; x64; rv:105.0) Gecko/20100101 Firefox/105.0" "davidstratas.com"
190.131.29.195 - - [19/Oct/2022:11:19:57 -0700] "GET /queensu/Tab19.pdf HTTP/1.1" 206 65536 "https://www.google.com/" "Mozilla/5.0 (Windows NT 10.0; Win64; x64; rv:105.0) Gecko/20100101 Firefox/105.0" "davidstratas.com"
190.131.29.195 - - [19/Oct/2022:11:19:58 -0700] "GET /queensu/Tab19.pdf HTTP/1.1" 206 65536 "https://www.google.com/" "Mozilla/5.0 (Windows NT 10.0; Win64; x64; rv:105.0) Gecko/20100101 Firefox/105.0" "davidstratas.com"
190.131.29.195 - - [19/Oct/2022:11:19:58 -0700] "GET /queensu/Tab19.pdf HTTP/1.1" 206 65536 "https://www.google.com/" "Mozilla/5.0 (Windows NT 10.0; Win64; x64; rv:105.0) Gecko/20100101 Firefox/105.0" "davidstratas.com"
190.131.29.195 - - [19/Oct/2022:11:19:58 -0700] "GET /queensu/Tab19.pdf HTTP/1.1" 206 65536 "https://www.google.com/" "Mozilla/5.0 (Windows NT 10.0; Win64; x64; rv:105.0) Gecko/20100101 Firefox/105.0" "davidstratas.com"
190.131.29.195 - - [19/Oct/2022:11:19:58 -0700] "GET /queensu/Tab19.pdf HTTP/1.1" 206 65536 "https://www.google.com/" "Mozilla/5.0 (Windows NT 10.0; Win64; x64; rv:105.0) Gecko/20100101 Firefox/105.0" "davidstratas.com"
190.131.29.195 - - [19/Oct/2022:11:19:58 -0700] "GET /queensu/Tab19.pdf HTTP/1.1" 206 65536 "https://www.google.com/" "Mozilla/5.0 (Windows NT 10.0; Win64; x64; rv:105.0) Gecko/20100101 Firefox/105.0" "davidstratas.com"
190.131.29.195 - - [19/Oct/2022:11:19:58 -0700] "GET /queensu/Tab19.pdf HTTP/1.1" 206 65536 "https://www.google.com/" "Mozilla/5.0 (Windows NT 10.0; Win64; x64; rv:105.0) Gecko/20100101 Firefox/105.0" "davidstratas.com"
190.131.29.195 - - [19/Oct/2022:11:19:58 -0700] "GET /queensu/Tab19.pdf HTTP/1.1" 206 65536 "https://www.google.com/" "Mozilla/5.0 (Windows NT 10.0; Win64; x64; rv:105.0) Gecko/20100101 Firefox/105.0" "davidstratas.com"
190.131.29.195 - - [19/Oct/2022:11:19:59 -0700] "GET /queensu/Tab19.pdf HTTP/1.1" 206 65536 "https://www.google.com/" "Mozilla/5.0 (Windows NT 10.0; Win64; x64; rv:105.0) Gecko/20100101 Firefox/105.0" "davidstratas.com"
190.131.29.195 - - [19/Oct/2022:11:19:59 -0700] "GET /queensu/Tab19.pdf HTTP/1.1" 206 65536 "https://www.google.com/" "Mozilla/5.0 (Windows NT 10.0; Win64; x64; rv:105.0) Gecko/20100101 Firefox/105.0" "davidstratas.com"
190.131.29.195 - - [19/Oct/2022:11:19:59 -0700] "GET /queensu/Tab19.pdf HTTP/1.1" 206 65536 "https://www.google.com/" "Mozilla/5.0 (Windows NT 10.0; Win64; x64; rv:105.0) Gecko/20100101 Firefox/105.0" "davidstratas.com"
190.131.29.195 - - [19/Oct/2022:11:19:59 -0700] "GET /queensu/Tab19.pdf HTTP/1.1" 206 65536 "https://www.google.com/" "Mozilla/5.0 (Windows NT 10.0; Win64; x64; rv:105.0) Gecko/20100101 Firefox/105.0" "davidstratas.com"
190.131.29.195 - - [19/Oct/2022:11:19:59 -0700] "GET /queensu/Tab19.pdf HTTP/1.1" 206 65536 "https://www.google.com/" "Mozilla/5.0 (Windows NT 10.0; Win64; x64; rv:105.0) Gecko/20100101 Firefox/105.0" "davidstratas.com"
190.131.29.195 - - [19/Oct/2022:11:19:59 -0700] "GET /queensu/Tab19.pdf HTTP/1.1" 206 65536 "https://www.google.com/" "Mozilla/5.0 (Windows NT 10.0; Win64; x64; rv:105.0) Gecko/20100101 Firefox/105.0" "davidstratas.com"
142.214.83.252 - - [19/Oct/2022:11:22:13 -0700] "GET /2.pdf HTTP/1.1" 200 33651 "https://www.google.com/" "Mozilla/5.0 (Windows NT 10.0; Win64; x64) AppleWebKit/537.36 (KHTML, like Gecko) Chrome/106.0.0.0 Safari/537.36" "www.davidstratas.com"
142.214.83.252 - - [19/Oct/2022:11:22:13 -0700] "GET /2.pdf HTTP/1.1" 206 1025 "-" "Mozilla/5.0 (Windows NT 10.0; Win64; x64) AppleWebKit/537.36 (KHTML, like Gecko) Chrome/106.0.0.0 Safari/537.36" "www.davidstratas.com"
142.214.83.252 - - [19/Oct/2022:11:22:13 -0700] "GET /2.pdf HTTP/1.1" 200 33651 "-" "Mozilla/5.0 (Windows NT 10.0; Win64; x64) AppleWebKit/537.36 (KHTML, like Gecko) Chrome/106.0.0.0 Safari/537.36" "www.davidstratas.com"
103.131.71.101 - - [19/Oct/2022:11:27:40 -0700] "GET /robots.txt HTTP/1.1" 404 88 "-" "Mozilla/5.0 (compatible; coccocbot-web/1.0; +http://help.coccoc.com/searchengine)" "davidstratas.com"
157.55.39.215 - - [19/Oct/2022:11:28:26 -0700] "GET /Cars/search HTTP/1.1" 404 88 "-" "Mozilla/5.0 AppleWebKit/537.36 (KHTML, like Gecko; compatible; bingbot/2.0; +http://www.bing.com/bingbot.htm) Chrome/103.0.5060.134 Safari/537.36" "davidstratas.com"
20.163.233.214 - - [19/Oct/2022:11:31:44 -0700] "GET / HTTP/1.1" 200 334 "-" "Mozilla/5.0 (Windows NT 10.0; Win64; x64) AppleWebKit/537.36 (KHTML, like Gecko) Chrome/95.0.4638.69 Safari/537.36" "davidstratas.com"
20.163.233.214 - - [19/Oct/2022:11:31:44 -0700] "GET /wp-includes/ID3/license.txt HTTP/1.1" 404 73 "-" "Mozilla/5.0 (Windows NT 10.0; Win64; x64) AppleWebKit/537.36 (KHTML, like Gecko) Chrome/95.0.4638.69 Safari/537.36" "davidstratas.com"
20.163.233.214 - - [19/Oct/2022:11:31:44 -0700] "GET /feed/ HTTP/1.1" 404 73 "-" "Mozilla/5.0 (Windows NT 10.0; Win64; x64) AppleWebKit/537.36 (KHTML, like Gecko) Chrome/95.0.4638.69 Safari/537.36" "davidstratas.com"
20.163.233.214 - - [19/Oct/2022:11:31:44 -0700] "GET /xmlrpc.php?rsd HTTP/1.1" 500 4947 "-" "Mozilla/5.0 (Windows NT 10.0; Win64; x64) AppleWebKit/537.36 (KHTML, like Gecko) Chrome/95.0.4638.69 Safari/537.36" "davidstratas.com"
20.163.233.214 - - [19/Oct/2022:11:31:44 -0700] "GET /blog/wp-includes/wlwmanifest.xml HTTP/1.1" 404 73 "-" "Mozilla/5.0 (Windows NT 10.0; Win64; x64) AppleWebKit/537.36 (KHTML, like Gecko) Chrome/95.0.4638.69 Safari/537.36" "davidstratas.com"
20.163.233.214 - - [19/Oct/2022:11:31:44 -0700] "GET /web/wp-includes/wlwmanifest.xml HTTP/1.1" 404 73 "-" "Mozilla/5.0 (Windows NT 10.0; Win64; x64) AppleWebKit/537.36 (KHTML, like Gecko) Chrome/95.0.4638.69 Safari/537.36" "davidstratas.com"
20.163.233.214 - - [19/Oct/2022:11:31:44 -0700] "GET /wordpress/wp-includes/wlwmanifest.xml HTTP/1.1" 404 73 "-" "Mozilla/5.0 (Windows NT 10.0; Win64; x64) AppleWebKit/537.36 (KHTML, like Gecko) Chrome/95.0.4638.69 Safari/537.36" "davidstratas.com"
20.163.233.214 - - [19/Oct/2022:11:31:44 -0700] "GET /wp/wp-includes/wlwmanifest.xml HTTP/1.1" 404 73 "-" "Mozilla/5.0 (Windows NT 10.0; Win64; x64) AppleWebKit/537.36 (KHTML, like Gecko) Chrome/95.0.4638.69 Safari/537.36" "davidstratas.com"
20.163.233.214 - - [19/Oct/2022:11:31:44 -0700] "GET /2020/wp-includes/wlwmanifest.xml HTTP/1.1" 404 73 "-" "Mozilla/5.0 (Windows NT 10.0; Win64; x64) AppleWebKit/537.36 (KHTML, like Gecko) Chrome/95.0.4638.69 Safari/537.36" "davidstratas.com"
20.163.233.214 - - [19/Oct/2022:11:31:44 -0700] "GET /2019/wp-includes/wlwmanifest.xml HTTP/1.1" 404 73 "-" "Mozilla/5.0 (Windows NT 10.0; Win64; x64) AppleWebKit/537.36 (KHTML, like Gecko) Chrome/95.0.4638.69 Safari/537.36" "davidstratas.com"
20.163.233.214 - - [19/Oct/2022:11:31:44 -0700] "GET /2021/wp-includes/wlwmanifest.xml HTTP/1.1" 404 73 "-" "Mozilla/5.0 (Windows NT 10.0; Win64; x64) AppleWebKit/537.36 (KHTML, like Gecko) Chrome/95.0.4638.69 Safari/537.36" "davidstratas.com"
20.163.233.214 - - [19/Oct/2022:11:31:44 -0700] "GET /shop/wp-includes/wlwmanifest.xml HTTP/1.1" 404 73 "-" "Mozilla/5.0 (Windows NT 10.0; Win64; x64) AppleWebKit/537.36 (KHTML, like Gecko) Chrome/95.0.4638.69 Safari/537.36" "davidstratas.com"
20.163.233.214 - - [19/Oct/2022:11:31:44 -0700] "GET /wp1/wp-includes/wlwmanifest.xml HTTP/1.1" 404 73 "-" "Mozilla/5.0 (Windows NT 10.0; Win64; x64) AppleWebKit/537.36 (KHTML, like Gecko) Chrome/95.0.4638.69 Safari/537.36" "davidstratas.com"
20.163.233.214 - - [19/Oct/2022:11:31:45 -0700] "GET /test/wp-includes/wlwmanifest.xml HTTP/1.1" 404 73 "-" "Mozilla/5.0 (Windows NT 10.0; Win64; x64) AppleWebKit/537.36 (KHTML, like Gecko) Chrome/95.0.4638.69 Safari/537.36" "davidstratas.com"
20.163.233.214 - - [19/Oct/2022:11:31:45 -0700] "GET /site/wp-includes/wlwmanifest.xml HTTP/1.1" 404 73 "-" "Mozilla/5.0 (Windows NT 10.0; Win64; x64) AppleWebKit/537.36 (KHTML, like Gecko) Chrome/95.0.4638.69 Safari/537.36" "davidstratas.com"
20.163.233.214 - - [19/Oct/2022:11:31:45 -0700] "GET /cms/wp-includes/wlwmanifest.xml HTTP/1.1" 404 73 "-" "Mozilla/5.0 (Windows NT 10.0; Win64; x64) AppleWebKit/537.36 (KHTML, like Gecko) Chrome/95.0.4638.69 Safari/537.36" "davidstratas.com"
34.139.212.74 - - [19/Oct/2022:11:34:51 -0700] "GET /robots.txt HTTP/1.1" 404 88 "-" "ZoominfoBot (zoominfobot at zoominfo dot com)" "www.davidstratas.com"
34.139.212.74 - - [19/Oct/2022:11:34:51 -0700] "GET / HTTP/1.1" 200 240 "-" "ZoominfoBot (zoominfobot at zoominfo dot com)" "www.davidstratas.com"
24.114.73.86 - - [19/Oct/2022:11:36:38 -0700] "GET /favicon.ico HTTP/1.1" 404 88 "-" "Mozilla/5.0 (iPad; CPU OS 15_6 like Mac OS X) AppleWebKit/605.1.15 (KHTML, like Gecko) CriOS/106.0.5249.92 Mobile/15E148 Safari/604.1" "www.davidstratas.com"
209.153.220.70 - - [19/Oct/2022:12:24:25 -0700] "GET /queensu/forget.htm HTTP/1.1" 200 27343 "https://www.google.com/" "Mozilla/5.0 (Windows NT 10.0; Win64; x64) AppleWebKit/537.36 (KHTML, like Gecko) Chrome/106.0.0.0 Safari/537.36" "www.davidstratas.com"
209.153.220.70 - - [19/Oct/2022:12:24:32 -0700] "GET /favicon.ico HTTP/1.1" 404 88 "http://www.davidstratas.com/queensu/forget.htm" "Mozilla/5.0 (Windows NT 10.0; Win64; x64) AppleWebKit/537.36 (KHTML, like Gecko) Chrome/106.0.0.0 Safari/537.36" "www.davidstratas.com"
65.154.226.109 - - [19/Oct/2022:12:25:03 -0700] "GET /favicon.ico HTTP/1.1" 404 88 "-" "Mozilla/5.0 (Windows NT 10.0) AppleWebKit/537.36 (KHTML, like Gecko) Chrome/106.0.0.0 Safari/537.36" "www.davidstratas.com"
77.88.5.233 - - [19/Oct/2022:12:51:45 -0700] "GET /robots.txt HTTP/1.1" 404 73 "-" "Mozilla/5.0 (compatible; YandexBot/3.0; +http://yandex.com/bots)" "www.davidstratas.com"
77.88.5.45 - - [19/Oct/2022:12:51:49 -0700] "GET /writing/ice.pdf HTTP/1.1" 200 1190364 "-" "Mozilla/5.0 (compatible; YandexBot/3.0; +http://yandex.com/bots)" "www.davidstratas.com"
47.55.142.22 - - [19/Oct/2022:12:58:55 -0700] "GET / HTTP/1.1" 200 240 "-" "Mozilla/5.0 (iPhone; CPU iPhone OS 15_6_1 like Mac OS X) AppleWebKit/605.1.15 (KHTML, like Gecko) Version/15.6.1 Mobile/15E148 Safari/604.1" "www.davidstratas.com"
77.88.5.245 - - [19/Oct/2022:12:59:49 -0700] "GET /queensu/Tab11.pdf HTTP/1.1" 200 28131 "-" "Mozilla/5.0 (compatible; YandexBot/3.0; +http://yandex.com/bots)" "www.davidstratas.com"
42.83.147.34 - - [19/Oct/2022:13:03:13 -0700] "GET / HTTP/1.1" 200 240 "-" "Mozilla/5.0 (Windows NT 6.1; Win64; x64) AppleWebKit/537.36 (KHTML, like Gecko)Chrome/74.0.3729.169 Safari/537.36" "davidstratas.com"
130.63.200.58 - - [19/Oct/2022:13:17:47 -0700] "GET /queensu/forget.htm HTTP/1.1" 200 27343 "https://www.google.com/" "Mozilla/5.0 (Windows NT 10.0; Win64; x64) AppleWebKit/537.36 (KHTML, like Gecko) Chrome/106.0.0.0 Safari/537.36" "www.davidstratas.com"
130.63.200.58 - - [19/Oct/2022:13:17:47 -0700] "GET /favicon.ico HTTP/1.1" 404 88 "http://www.davidstratas.com/queensu/forget.htm" "Mozilla/5.0 (Windows NT 10.0; Win64; x64) AppleWebKit/537.36 (KHTML, like Gecko) Chrome/106.0.0.0 Safari/537.36" "www.davidstratas.com"
66.249.66.218 - - [19/Oct/2022:13:23:12 -0700] "GET /robots.txt HTTP/1.1" 404 88 "-" "Mozilla/5.0 (compatible; Googlebot/2.1; +http://www.google.com/bot.html)" "davidstratas.com"
66.249.66.214 - - [19/Oct/2022:13:26:07 -0700] "GET /ads.txt HTTP/1.1" 404 88 "-" "Google-adstxt" "davidstratas.com"
38.64.255.196 - - [19/Oct/2022:13:30:21 -0700] "GET /queensu/factum.htm HTTP/1.1" 200 11390 "http://www.davidstratas.com/" "Mozilla/5.0 (Windows NT 10.0; Win64; x64) AppleWebKit/537.36 (KHTML, like Gecko) Chrome/101.0.4951.67 Safari/537.36" "www.davidstratas.com"
38.64.255.196 - - [19/Oct/2022:13:30:21 -0700] "GET /favicon.ico HTTP/1.1" 404 88 "http://www.davidstratas.com/favicon.ico" "Mozilla/5.0 (Windows NT 10.0; Win64; x64) AppleWebKit/537.36 (KHTML, like Gecko) Chrome/101.0.4951.67 Safari/537.36" "www.davidstratas.com"
139.47.32.165 - - [19/Oct/2022:13:52:39 -0700] "GET /writing/stratas.htm HTTP/1.1" 200 5736 "https://www.google.com/" "Mozilla/5.0 (Macintosh; Intel Mac OS X 10_15_7) AppleWebKit/605.1.15 (KHTML, like Gecko) Version/14.1.2 Safari/605.1.15" "www.davidstratas.com"
139.47.32.165 - - [19/Oct/2022:13:52:40 -0700] "GET /writing/wr_title.bmp HTTP/1.1" 200 569014 "http://www.davidstratas.com/writing/stratas.htm" "Mozilla/5.0 (Macintosh; Intel Mac OS X 10_15_7) AppleWebKit/605.1.15 (KHTML, like Gecko) Version/14.1.2 Safari/605.1.15" "www.davidstratas.com"
139.47.32.165 - - [19/Oct/2022:13:52:40 -0700] "GET /writing/david.BMP HTTP/1.1" 200 156294 "http://www.davidstratas.com/writing/stratas.htm" "Mozilla/5.0 (Macintosh; Intel Mac OS X 10_15_7) AppleWebKit/605.1.15 (KHTML, like Gecko) Version/14.1.2 Safari/605.1.15" "www.davidstratas.com"
40.77.167.103 - - [19/Oct/2022:14:14:46 -0700] "GET /robots.txt HTTP/1.1" 404 88 "-" "Mozilla/5.0 AppleWebKit/537.36 (KHTML, like Gecko; compatible; bingbot/2.0; +http://www.bing.com/bingbot.htm) Chrome/103.0.5060.134 Safari/537.36" "www.davidstratas.com"
207.46.13.86 - - [19/Oct/2022:14:14:55 -0700] "GET / HTTP/1.1" 200 240 "-" "Mozilla/5.0 AppleWebKit/537.36 (KHTML, like Gecko; compatible; bingbot/2.0; +http://www.bing.com/bingbot.htm) Chrome/103.0.5060.134 Safari/537.36" "www.davidstratas.com"
216.244.66.230 - - [19/Oct/2022:14:15:58 -0700] "GET /robots.txt HTTP/1.1" 404 73 "-" "Mozilla/5.0 (compatible; DotBot/1.2; +https://opensiteexplorer.org/dotbot; help@moz.com)" "www.davidstratas.com"
114.119.132.16 - - [19/Oct/2022:14:22:05 -0700] "GET /robots.txt HTTP/1.1" 404 88 "-" "Mozilla/5.0 (compatible;PetalBot;+https://webmaster.petalsearch.com/site/petalbot)" "davidstratas.com"
199.214.230.205 - - [19/Oct/2022:14:51:49 -0700] "GET /writing/stratas.htm HTTP/1.1" 200 5736 "https://www.google.com/" "Mozilla/5.0 (Windows NT 10.0; Win64; x64) AppleWebKit/537.36 (KHTML, like Gecko) Chrome/106.0.0.0 Safari/537.36" "www.davidstratas.com"
199.214.230.205 - - [19/Oct/2022:14:51:49 -0700] "GET /writing/david.BMP HTTP/1.1" 200 156294 "http://www.davidstratas.com/writing/stratas.htm" "Mozilla/5.0 (Windows NT 10.0; Win64; x64) AppleWebKit/537.36 (KHTML, like Gecko) Chrome/106.0.0.0 Safari/537.36" "www.davidstratas.com"
199.214.230.205 - - [19/Oct/2022:14:51:49 -0700] "GET /writing/wr_title.bmp HTTP/1.1" 200 569014 "http://www.davidstratas.com/writing/stratas.htm" "Mozilla/5.0 (Windows NT 10.0; Win64; x64) AppleWebKit/537.36 (KHTML, like Gecko) Chrome/106.0.0.0 Safari/537.36" "www.davidstratas.com"
199.214.230.205 - - [19/Oct/2022:14:51:58 -0700] "GET /writing/online.htm HTTP/1.1" 200 3461 "http://www.davidstratas.com/writing/stratas.htm" "Mozilla/5.0 (Windows NT 10.0; Win64; x64) AppleWebKit/537.36 (KHTML, like Gecko) Chrome/106.0.0.0 Safari/537.36" "www.davidstratas.com"
199.214.230.205 - - [19/Oct/2022:14:52:22 -0700] "GET /writing/bibliography.htm HTTP/1.1" 200 5329 "http://www.davidstratas.com/writing/stratas.htm" "Mozilla/5.0 (Windows NT 10.0; Win64; x64) AppleWebKit/537.36 (KHTML, like Gecko) Chrome/106.0.0.0 Safari/537.36" "www.davidstratas.com"
199.214.230.205 - - [19/Oct/2022:14:52:39 -0700] "GET /writing/precedents.htm HTTP/1.1" 200 5929 "http://www.davidstratas.com/writing/bibliography.htm" "Mozilla/5.0 (Windows NT 10.0; Win64; x64) AppleWebKit/537.36 (KHTML, like Gecko) Chrome/106.0.0.0 Safari/537.36" "www.davidstratas.com"
199.214.230.205 - - [19/Oct/2022:14:52:54 -0700] "GET /queensu/Tab15.pdf HTTP/1.1" 200 58443 "http://www.davidstratas.com/" "Mozilla/5.0 (Windows NT 10.0; Win64; x64) AppleWebKit/537.36 (KHTML, like Gecko) Chrome/106.0.0.0 Safari/537.36" "davidstratas.com"
199.214.230.205 - - [19/Oct/2022:14:52:54 -0700] "GET /favicon.ico HTTP/1.1" 404 88 "http://davidstratas.com/queensu/Tab15.pdf" "Mozilla/5.0 (Windows NT 10.0; Win64; x64) AppleWebKit/537.36 (KHTML, like Gecko) Chrome/106.0.0.0 Safari/537.36" "davidstratas.com"
199.214.230.205 - - [19/Oct/2022:14:53:27 -0700] "GET /queensu/Tab18.pdf HTTP/1.1" 200 7371 "http://www.davidstratas.com/" "Mozilla/5.0 (Windows NT 10.0; Win64; x64) AppleWebKit/537.36 (KHTML, like Gecko) Chrome/106.0.0.0 Safari/537.36" "davidstratas.com"
199.214.230.205 - - [19/Oct/2022:14:53:40 -0700] "GET /queensu/Tab17.pdf HTTP/1.1" 200 16989 "http://www.davidstratas.com/" "Mozilla/5.0 (Windows NT 10.0; Win64; x64) AppleWebKit/537.36 (KHTML, like Gecko) Chrome/106.0.0.0 Safari/537.36" "davidstratas.com"
93.158.161.40 - - [19/Oct/2022:14:53:53 -0700] "GET /robots.txt HTTP/1.1" 404 73 "-" "Mozilla/5.0 (compatible; YandexBot/3.0; +http://yandex.com/bots)" "www.davidstratas.com"
93.158.161.40 - - [19/Oct/2022:14:53:56 -0700] "GET /queensu/Tab2.pdf HTTP/1.1" 200 724139 "-" "Mozilla/5.0 (compatible; YandexBot/3.0; +http://yandex.com/bots)" "www.davidstratas.com"
199.214.230.205 - - [19/Oct/2022:14:53:56 -0700] "GET /queensu/Tab16.pdf HTTP/1.1" 200 10744 "http://www.davidstratas.com/" "Mozilla/5.0 (Windows NT 10.0; Win64; x64) AppleWebKit/537.36 (KHTML, like Gecko) Chrome/106.0.0.0 Safari/537.36" "davidstratas.com"
199.214.230.205 - - [19/Oct/2022:14:54:11 -0700] "GET /writing/Overview_1.htm HTTP/1.1" 200 1591 "http://www.davidstratas.com/" "Mozilla/5.0 (Windows NT 10.0; Win64; x64) AppleWebKit/537.36 (KHTML, like Gecko) Chrome/106.0.0.0 Safari/537.36" "davidstratas.com"
199.214.230.205 - - [19/Oct/2022:14:54:17 -0700] "GET /writing/Overview_2.htm HTTP/1.1" 200 1450 "http://www.davidstratas.com/" "Mozilla/5.0 (Windows NT 10.0; Win64; x64) AppleWebKit/537.36 (KHTML, like Gecko) Chrome/106.0.0.0 Safari/537.36" "davidstratas.com"
199.214.230.205 - - [19/Oct/2022:14:54:36 -0700] "GET /queensu/Tab2.pdf HTTP/1.1" 200 724139 "http://www.davidstratas.com/" "Mozilla/5.0 (Windows NT 10.0; Win64; x64) AppleWebKit/537.36 (KHTML, like Gecko) Chrome/106.0.0.0 Safari/537.36" "davidstratas.com"
199.214.230.205 - - [19/Oct/2022:14:55:31 -0700] "GET /queensu/Tab7.pdf HTTP/1.1" 200 278128 "http://www.davidstratas.com/" "Mozilla/5.0 (Windows NT 10.0; Win64; x64) AppleWebKit/537.36 (KHTML, like Gecko) Chrome/106.0.0.0 Safari/537.36" "davidstratas.com"
199.214.230.205 - - [19/Oct/2022:14:56:40 -0700] "GET /admin.html HTTP/1.1" 200 3802 "https://www.google.com/" "Mozilla/5.0 (Windows NT 10.0; Win64; x64) AppleWebKit/537.36 (KHTML, like Gecko) Chrome/106.0.0.0 Safari/537.36" "www.davidstratas.com"
68.145.0.104 - - [19/Oct/2022:14:57:25 -0700] "GET /21.pdf HTTP/1.1" 200 131659 "http://www.davidstratas.com/admin.html" "Mozilla/5.0 (Windows NT 10.0; Win64; x64) AppleWebKit/537.36 (KHTML, like Gecko) Chrome/106.0.0.0 Safari/537.36" "www.davidstratas.com"
68.145.0.104 - - [19/Oct/2022:14:57:25 -0700] "GET /favicon.ico HTTP/1.1" 404 88 "http://www.davidstratas.com/21.pdf" "Mozilla/5.0 (Windows NT 10.0; Win64; x64) AppleWebKit/537.36 (KHTML, like Gecko) Chrome/106.0.0.0 Safari/537.36" "www.davidstratas.com"
157.55.39.162 - - [19/Oct/2022:15:00:33 -0700] "GET /queensu/01_12_files/?C=S;O=A HTTP/1.1" 200 375 "-" "Mozilla/5.0 (compatible; bingbot/2.0; +http://www.bing.com/bingbot.htm)" "www.davidstratas.com"
216.244.66.230 - - [19/Oct/2022:15:07:33 -0700] "GET /robots.txt HTTP/1.1" 404 73 "-" "Mozilla/5.0 (compatible; DotBot/1.2; +https://opensiteexplorer.org/dotbot; help@moz.com)" "www.davidstratas.com"
216.244.66.230 - - [19/Oct/2022:15:12:00 -0700] "GET /queensu2009/5.html HTTP/1.1" 200 9179 "-" "Mozilla/5.0 (compatible; DotBot/1.2; +https://opensiteexplorer.org/dotbot; help@moz.com)" "www.davidstratas.com"
72.143.232.245 - - [19/Oct/2022:15:50:59 -0700] "GET / HTTP/1.1" 200 240 "-" "Mozilla/5.0 (iPhone; CPU iPhone OS 16_0 like Mac OS X) AppleWebKit/605.1.15 (KHTML, like Gecko) Version/16.0 Mobile/15E148 Safari/604.1" "www.davidstratas.com"
72.143.232.245 - - [19/Oct/2022:15:50:59 -0700] "GET /favicon.ico HTTP/1.1" 404 88 "http://www.davidstratas.com/" "Mozilla/5.0 (iPhone; CPU iPhone OS 16_0 like Mac OS X) AppleWebKit/605.1.15 (KHTML, like Gecko) Version/16.0 Mobile/15E148 Safari/604.1" "www.davidstratas.com"
142.127.204.101 - - [19/Oct/2022:16:13:47 -0700] "GET /adminnov3.html HTTP/1.1" 200 39077 "-" "Mozilla/5.0 (Macintosh; Intel Mac OS X 10_15_7) AppleWebKit/605.1.15 (KHTML, like Gecko)" "davidstratas.com"
142.127.204.101 - - [19/Oct/2022:16:13:47 -0700] "GET /apple-touch-icon-precomposed.png HTTP/1.1" 404 88 "-" "Safari/17613.1.17.1.6 CFNetwork/1331.0.7 Darwin/21.4.0" "davidstratas.com"
142.127.204.101 - - [19/Oct/2022:16:13:47 -0700] "GET /apple-touch-icon.png HTTP/1.1" 404 88 "-" "Safari/17613.1.17.1.6 CFNetwork/1331.0.7 Darwin/21.4.0" "davidstratas.com"
142.127.204.101 - - [19/Oct/2022:16:13:47 -0700] "GET /favicon.ico HTTP/1.1" 404 88 "-" "Safari/17613.1.17.1.6 CFNetwork/1331.0.7 Darwin/21.4.0" "davidstratas.com"
142.127.204.101 - - [19/Oct/2022:16:13:47 -0700] "GET /apple-touch-icon-precomposed.png HTTP/1.1" 404 88 "-" "Safari/17613.1.17.1.6 CFNetwork/1331.0.7 Darwin/21.4.0" "davidstratas.com"
142.127.204.101 - - [19/Oct/2022:16:13:47 -0700] "GET /apple-touch-icon.png HTTP/1.1" 404 88 "-" "Safari/17613.1.17.1.6 CFNetwork/1331.0.7 Darwin/21.4.0" "davidstratas.com"
142.127.204.101 - - [19/Oct/2022:16:13:47 -0700] "GET /favicon.ico HTTP/1.1" 404 88 "-" "Safari/17613.1.17.1.6 CFNetwork/1331.0.7 Darwin/21.4.0" "davidstratas.com"
142.127.204.101 - - [19/Oct/2022:16:13:47 -0700] "GET /adminnov3.html HTTP/1.1" 200 39077 "-" "Mozilla/5.0 (iPhone; CPU iPhone OS 14_0 like Mac OS X) AppleWebKit/605.1.15 (KHTML, like Gecko) Version/14.0 Mobile/15E148 Safari/604.1" "davidstratas.com"
142.127.204.101 - - [19/Oct/2022:16:13:47 -0700] "GET /apple-touch-icon-precomposed.png HTTP/1.1" 404 88 "-" "Safari/17613.1.17.1.6 CFNetwork/1331.0.7 Darwin/21.4.0" "davidstratas.com"
142.127.204.101 - - [19/Oct/2022:16:13:47 -0700] "GET /apple-touch-icon.png HTTP/1.1" 404 88 "-" "Safari/17613.1.17.1.6 CFNetwork/1331.0.7 Darwin/21.4.0" "davidstratas.com"
142.127.204.101 - - [19/Oct/2022:16:13:48 -0700] "GET /favicon.ico HTTP/1.1" 404 88 "-" "Safari/17613.1.17.1.6 CFNetwork/1331.0.7 Darwin/21.4.0" "davidstratas.com"
142.127.204.101 - - [19/Oct/2022:16:13:48 -0700] "GET /apple-touch-icon-precomposed.png HTTP/1.1" 404 88 "-" "Safari/17613.1.17.1.6 CFNetwork/1331.0.7 Darwin/21.4.0" "davidstratas.com"
142.127.204.101 - - [19/Oct/2022:16:13:48 -0700] "GET /apple-touch-icon.png HTTP/1.1" 404 88 "-" "Safari/17613.1.17.1.6 CFNetwork/1331.0.7 Darwin/21.4.0" "davidstratas.com"
142.127.204.101 - - [19/Oct/2022:16:13:48 -0700] "GET /favicon.ico HTTP/1.1" 404 88 "-" "Safari/17613.1.17.1.6 CFNetwork/1331.0.7 Darwin/21.4.0" "davidstratas.com"
69.158.246.43 - - [19/Oct/2022:16:28:59 -0700] "GET / HTTP/1.1" 200 240 "-" "Mozilla/5.0 (iPhone; CPU iPhone OS 16_0_3 like Mac OS X) AppleWebKit/605.1.15 (KHTML, like Gecko) Version/16.0 Mobile/15E148 Safari/604.1" "www.davidstratas.com"
69.158.246.43 - - [19/Oct/2022:16:28:59 -0700] "GET /favicon.ico HTTP/1.1" 404 88 "http://www.davidstratas.com/" "Mozilla/5.0 (iPhone; CPU iPhone OS 16_0_3 like Mac OS X) AppleWebKit/605.1.15 (KHTML, like Gecko) Version/16.0 Mobile/15E148 Safari/604.1" "www.davidstratas.com"
40.77.167.103 - - [19/Oct/2022:16:49:09 -0700] "GET /robots.txt HTTP/1.1" 404 88 "-" "Mozilla/5.0 (compatible; bingbot/2.0; +http://www.bing.com/bingbot.htm)" "www.davidstratas.com"
157.55.39.162 - - [19/Oct/2022:16:49:18 -0700] "GET /queensu2009/moot3.pdf HTTP/1.1" 304 - "-" "Mozilla/5.0 AppleWebKit/537.36 (KHTML, like Gecko; compatible; bingbot/2.0; +http://www.bing.com/bingbot.htm) Chrome/103.0.5060.134 Safari/537.36" "www.davidstratas.com"
66.249.66.42 - - [19/Oct/2022:16:58:28 -0700] "GET /ads.txt HTTP/1.1" 404 88 "-" "Mozilla/5.0 (compatible; Googlebot/2.1; +http://www.google.com/bot.html)" "www.davidstratas.com"
4.231.18.107 - - [19/Oct/2022:17:07:42 -0700] "POST / HTTP/1.1" 200 240 "-" "Mozilla/5.0 (X11; Linux x86_64) AppleWebKit/537.36 (KHTML, like Gecko) Chrome/81.0.4044.129 Safari/537.36" "davidstratas.com"
207.46.13.18 - - [19/Oct/2022:17:25:25 -0700] "GET /writing/grammar/page16.htm HTTP/1.1" 200 1145 "-" "Mozilla/5.0 (compatible; bingbot/2.0; +http://www.bing.com/bingbot.htm)" "davidstratas.com"
136.243.228.194 - - [19/Oct/2022:17:26:56 -0700] "GET / HTTP/1.1" 200 240 "-" "Mozilla/5.0 (compatible; DataForSeoBot/1.0; +https://dataforseo.com/dataforseo-bot)" "davidstratas.com"
54.36.148.254 - - [19/Oct/2022:17:28:34 -0700] "GET /robots.txt HTTP/1.1" 404 88 "-" "Mozilla/5.0 (compatible; AhrefsBot/7.0; +http://ahrefs.com/robot/)" "davidstratas.com"
51.222.253.13 - - [19/Oct/2022:17:28:35 -0700] "GET / HTTP/1.1" 200 240 "-" "Mozilla/5.0 (compatible; AhrefsBot/7.0; +http://ahrefs.com/robot/)" "davidstratas.com"
66.249.66.196 - - [19/Oct/2022:17:43:51 -0700] "GET /ads.txt HTTP/1.1" 404 88 "-" "Google-adstxt" "davidstratas.com"
216.244.66.230 - - [19/Oct/2022:17:48:19 -0700] "GET /robots.txt HTTP/1.1" 404 73 "-" "Mozilla/5.0 (compatible; DotBot/1.2; +https://opensiteexplorer.org/dotbot; help@moz.com)" "www.davidstratas.com"
66.249.66.196 - - [19/Oct/2022:17:52:05 -0700] "GET /ads.txt HTTP/1.1" 404 88 "-" "Google-adstxt" "davidstratas.com"
216.244.66.230 - - [19/Oct/2022:18:39:38 -0700] "GET /robots.txt HTTP/1.1" 404 73 "-" "Mozilla/5.0 (compatible; DotBot/1.2; +https://opensiteexplorer.org/dotbot; help@moz.com)" "www.davidstratas.com"
66.249.66.54 - - [19/Oct/2022:18:42:59 -0700] "GET /robots.txt HTTP/1.1" 404 88 "-" "Mozilla/5.0 (compatible; Googlebot/2.1; +http://www.google.com/bot.html)" "www.davidstratas.com"
66.249.66.50 - - [19/Oct/2022:18:54:23 -0700] "GET /ads.txt HTTP/1.1" 404 88 "-" "Mozilla/5.0 (compatible; Googlebot/2.1; +http://www.google.com/bot.html)" "www.davidstratas.com"
75.157.213.178 - - [19/Oct/2022:19:28:09 -0700] "GET /queensu/Tab19.pdf HTTP/1.1" 200 2221025 "https://www.google.ca/" "Mozilla/5.0 (iPhone; CPU iPhone OS 15_4_1 like Mac OS X) AppleWebKit/605.1.15 (KHTML, like Gecko) Version/15.4 Mobile/15E148 Safari/604.1" "davidstratas.com"
75.157.213.178 - - [19/Oct/2022:19:28:12 -0700] "GET /favicon.ico HTTP/1.1" 404 88 "http://davidstratas.com/queensu/Tab19.pdf" "Mozilla/5.0 (iPhone; CPU iPhone OS 15_4_1 like Mac OS X) AppleWebKit/605.1.15 (KHTML, like Gecko) Version/15.4 Mobile/15E148 Safari/604.1" "davidstratas.com"
75.157.213.178 - - [19/Oct/2022:19:29:40 -0700] "GET /apple-touch-icon.png HTTP/1.1" 404 88 "-" "Mozilla/5.0 (Macintosh; Intel Mac OS X 10_11_1) AppleWebKit/601.2.4 (KHTML, like Gecko) Version/9.0.1 Safari/601.2.4 facebookexternalhit/1.1 Facebot Twitterbot/1.0" "davidstratas.com"
75.157.213.178 - - [19/Oct/2022:19:29:40 -0700] "GET /apple-touch-icon-precomposed.png HTTP/1.1" 404 88 "-" "Mozilla/5.0 (Macintosh; Intel Mac OS X 10_11_1) AppleWebKit/601.2.4 (KHTML, like Gecko) Version/9.0.1 Safari/601.2.4 facebookexternalhit/1.1 Facebot Twitterbot/1.0" "davidstratas.com"
75.157.213.178 - - [19/Oct/2022:19:29:40 -0700] "GET /favicon.ico HTTP/1.1" 404 88 "-" "Mozilla/5.0 (Macintosh; Intel Mac OS X 10_11_1) AppleWebKit/601.2.4 (KHTML, like Gecko) Version/9.0.1 Safari/601.2.4 facebookexternalhit/1.1 Facebot Twitterbot/1.0" "davidstratas.com"
75.157.213.178 - - [19/Oct/2022:19:31:08 -0700] "GET /queensu/Tab19.pdf HTTP/1.1" 200 2221025 "-" "Mozilla/5.0 (iPhone; CPU iPhone OS 15_4_1 like Mac OS X) AppleWebKit/605.1.15 (KHTML, like Gecko) Version/15.4 Mobile/15E148 Safari/604.1" "davidstratas.com"
75.157.213.178 - - [19/Oct/2022:19:31:57 -0700] "GET /queensu/Tab19.pdf HTTP/1.1" 200 2221025 "-" "Mozilla/5.0 (Macintosh; Intel Mac OS X 10_15_7) AppleWebKit/605.1.15 (KHTML, like Gecko)" "davidstratas.com"
75.157.213.178 - - [19/Oct/2022:19:31:58 -0700] "GET /queensu/Tab19.pdf HTTP/1.1" 206 16384 "-" "Mozilla/5.0 (Macintosh; Intel Mac OS X 10_15_7) AppleWebKit/605.1.15 (KHTML, like Gecko)" "davidstratas.com"
135.23.96.42 - - [19/Oct/2022:19:35:27 -0700] "GET / HTTP/1.1" 200 240 "-" "Mozilla/5.0 (Macintosh; Intel Mac OS X 10_15_6) AppleWebKit/605.1.15 (KHTML, like Gecko) Version/15.6.1 Safari/605.1.15" "www.davidstratas.com"
135.23.96.42 - - [19/Oct/2022:19:35:28 -0700] "GET /favicon.ico HTTP/1.1" 404 88 "http://www.davidstratas.com/" "Mozilla/5.0 (Macintosh; Intel Mac OS X 10_15_6) AppleWebKit/605.1.15 (KHTML, like Gecko) Version/15.6.1 Safari/605.1.15" "www.davidstratas.com"
154.5.70.214 - - [19/Oct/2022:19:36:12 -0700] "GET /13.pdf HTTP/1.1" 200 1323315 "https://www.google.ca/" "Mozilla/5.0 (Macintosh; Intel Mac OS X 10_15_6) AppleWebKit/605.1.15 (KHTML, like Gecko) Version/15.6.1 Safari/605.1.15" "www.davidstratas.com"
154.5.70.214 - - [19/Oct/2022:19:36:14 -0700] "GET /favicon.ico HTTP/1.1" 404 88 "http://www.davidstratas.com/13.pdf" "Mozilla/5.0 (Macintosh; Intel Mac OS X 10_15_6) AppleWebKit/605.1.15 (KHTML, like Gecko) Version/15.6.1 Safari/605.1.15" "www.davidstratas.com"
123.125.109.142 - - [19/Oct/2022:19:42:54 -0700] "GET / HTTP/1.1" 200 240 "-" "Sogou web spider/4.0(+http://www.sogou.com/docs/help/webmasters.htm#07)" "www.davidstratas.com"
75.157.213.178 - - [19/Oct/2022:19:43:23 -0700] "GET /queensu/Tab19.pdf HTTP/1.1" 200 2221025 "-" "Mozilla/5.0 (Macintosh; Intel Mac OS X 10_15_7) AppleWebKit/605.1.15 (KHTML, like Gecko)" "davidstratas.com"
75.157.213.178 - - [19/Oct/2022:19:43:25 -0700] "GET /apple-touch-icon-precomposed.png HTTP/1.1" 404 88 "-" "Safari/17614.1.25.9.10 CFNetwork/1335.0.3 Darwin/21.6.0" "davidstratas.com"
75.157.213.178 - - [19/Oct/2022:19:43:25 -0700] "GET /apple-touch-icon.png HTTP/1.1" 404 88 "-" "Safari/17614.1.25.9.10 CFNetwork/1335.0.3 Darwin/21.6.0" "davidstratas.com"
75.157.213.178 - - [19/Oct/2022:19:43:25 -0700] "GET /favicon.ico HTTP/1.1" 404 88 "-" "Safari/17614.1.25.9.10 CFNetwork/1335.0.3 Darwin/21.6.0" "davidstratas.com"
75.157.213.178 - - [19/Oct/2022:19:43:25 -0700] "GET /apple-touch-icon-precomposed.png HTTP/1.1" 404 88 "-" "Safari/17614.1.25.9.10 CFNetwork/1335.0.3 Darwin/21.6.0" "davidstratas.com"
75.157.213.178 - - [19/Oct/2022:19:43:26 -0700] "GET /apple-touch-icon.png HTTP/1.1" 404 88 "-" "Safari/17614.1.25.9.10 CFNetwork/1335.0.3 Darwin/21.6.0" "davidstratas.com"
75.157.213.178 - - [19/Oct/2022:19:43:26 -0700] "GET /favicon.ico HTTP/1.1" 404 88 "-" "Safari/17614.1.25.9.10 CFNetwork/1335.0.3 Darwin/21.6.0" "davidstratas.com"
75.157.213.178 - - [19/Oct/2022:19:43:26 -0700] "GET /queensu/Tab19.pdf HTTP/1.1" 200 2221025 "-" "Mozilla/5.0 (iPhone; CPU iPhone OS 16_0 like Mac OS X) AppleWebKit/605.1.15 (KHTML, like Gecko) Version/16.0 Mobile/15E148 Safari/604.1" "davidstratas.com"
75.157.213.178 - - [19/Oct/2022:19:43:28 -0700] "GET /apple-touch-icon-precomposed.png HTTP/1.1" 404 88 "-" "Safari/17614.1.25.9.10 CFNetwork/1335.0.3 Darwin/21.6.0" "davidstratas.com"
75.157.213.178 - - [19/Oct/2022:19:43:28 -0700] "GET /apple-touch-icon.png HTTP/1.1" 404 88 "-" "Safari/17614.1.25.9.10 CFNetwork/1335.0.3 Darwin/21.6.0" "davidstratas.com"
75.157.213.178 - - [19/Oct/2022:19:43:28 -0700] "GET /favicon.ico HTTP/1.1" 404 88 "-" "Safari/17614.1.25.9.10 CFNetwork/1335.0.3 Darwin/21.6.0" "davidstratas.com"
75.157.213.178 - - [19/Oct/2022:19:43:28 -0700] "GET /apple-touch-icon-precomposed.png HTTP/1.1" 404 88 "-" "Safari/17614.1.25.9.10 CFNetwork/1335.0.3 Darwin/21.6.0" "davidstratas.com"
75.157.213.178 - - [19/Oct/2022:19:43:28 -0700] "GET /apple-touch-icon.png HTTP/1.1" 404 88 "-" "Safari/17614.1.25.9.10 CFNetwork/1335.0.3 Darwin/21.6.0" "davidstratas.com"
75.157.213.178 - - [19/Oct/2022:19:43:29 -0700] "GET /favicon.ico HTTP/1.1" 404 88 "-" "Safari/17614.1.25.9.10 CFNetwork/1335.0.3 Darwin/21.6.0" "davidstratas.com"
75.157.213.178 - - [19/Oct/2022:19:49:48 -0700] "GET /favicon.ico HTTP/1.1" 404 88 "http://davidstratas.com/queensu/Tab19.pdf" "Mozilla/5.0 (Macintosh; Intel Mac OS X 10_15_7) AppleWebKit/605.1.15 (KHTML, like Gecko) Version/16.0 Safari/605.1.15" "davidstratas.com"
205.233.59.10 - - [19/Oct/2022:19:55:03 -0700] "GET / HTTP/1.1" 200 240 "-" "Mozilla/5.0 (iPhone; CPU iPhone OS 14_8 like Mac OS X) AppleWebKit/605.1.15 (KHTML, like Gecko) Version/14.1.2 Mobile/15E148 Safari/604.1" "www.davidstratas.com"
66.249.66.42 - - [19/Oct/2022:19:59:39 -0700] "GET /robots.txt HTTP/1.1" 404 88 "-" "Mozilla/5.0 (compatible; Googlebot/2.1; +http://www.google.com/bot.html)" "www.davidstratas.com"
18.209.237.50 - - [19/Oct/2022:20:01:39 -0700] "POST / HTTP/1.1" 200 240 "-" "Mozilla/5.0 (X11; Linux x86_64) AppleWebKit/537.36 (KHTML, like Gecko) Chrome/81.0.4044.129 Safari/537.36" "davidstratas.com"
18.209.237.50 - - [19/Oct/2022:20:01:40 -0700] "GET /vendor/phpunit/phpunit/src/Util/PHP/eval-stdin.php HTTP/1.1" 404 88 "-" "python-requests/2.26.0" "davidstratas.com"
184.145.53.6 - - [19/Oct/2022:20:12:40 -0700] "GET /2.pdf HTTP/1.1" 200 33651 "https://www.google.com/" "Mozilla/5.0 (Windows NT 10.0; Win64; x64) AppleWebKit/537.36 (KHTML, like Gecko) Chrome/106.0.0.0 Safari/537.36" "www.davidstratas.com"
184.145.53.6 - - [19/Oct/2022:20:12:40 -0700] "GET /favicon.ico HTTP/1.1" 404 88 "http://www.davidstratas.com/2.pdf" "Mozilla/5.0 (Windows NT 10.0; Win64; x64) AppleWebKit/537.36 (KHTML, like Gecko) Chrome/106.0.0.0 Safari/537.36" "www.davidstratas.com"
34.139.115.151 - - [19/Oct/2022:20:15:53 -0700] "GET /robots.txt HTTP/1.1" 404 88 "-" "ZoominfoBot (zoominfobot at zoominfo dot com)" "www.davidstratas.com"
34.139.115.151 - - [19/Oct/2022:20:15:53 -0700] "GET / HTTP/1.1" 200 240 "-" "ZoominfoBot (zoominfobot at zoominfo dot com)" "www.davidstratas.com"
216.244.66.230 - - [19/Oct/2022:20:25:25 -0700] "GET /robots.txt HTTP/1.1" 404 73 "-" "Mozilla/5.0 (compatible; DotBot/1.2; +https://opensiteexplorer.org/dotbot; help@moz.com)" "www.davidstratas.com"
123.183.224.89 - - [19/Oct/2022:20:36:52 -0700] "GET / HTTP/1.1" 200 240 "-" "Sogou web spider/4.0(+http://www.sogou.com/docs/help/webmasters.htm#07)" "davidstratas.com"
72.13.46.5 - - [19/Oct/2022:20:39:06 -0700] "GET /robots.txt HTTP/1.1" 404 88 "-" "Mozilla/5.0 (compatible; ips-agent)" "www.davidstratas.com"
72.13.46.5 - - [19/Oct/2022:20:39:07 -0700] "GET / HTTP/1.1" 200 240 "-" "Mozilla/5.0 (compatible; ips-agent)" "www.davidstratas.com"
216.244.66.230 - - [19/Oct/2022:21:17:42 -0700] "GET /robots.txt HTTP/1.1" 404 73 "-" "Mozilla/5.0 (compatible; DotBot/1.2; +https://opensiteexplorer.org/dotbot; help@moz.com)" "www.davidstratas.com"
216.244.66.230 - - [19/Oct/2022:21:22:39 -0700] "GET /writing/stratas.htm HTTP/1.1" 200 20991 "-" "Mozilla/5.0 (compatible; DotBot/1.2; +https://opensiteexplorer.org/dotbot; help@moz.com)" "www.davidstratas.com"
207.46.13.86 - - [19/Oct/2022:21:41:17 -0700] "GET / HTTP/1.1" 200 240 "-" "Mozilla/5.0 AppleWebKit/537.36 (KHTML, like Gecko; compatible; bingbot/2.0; +http://www.bing.com/bingbot.htm) Chrome/103.0.5060.134 Safari/537.36" "davidstratas.com"
207.46.13.86 - - [19/Oct/2022:21:41:58 -0700] "GET / HTTP/1.1" 200 240 "-" "Mozilla/5.0 (compatible; bingbot/2.0; +http://www.bing.com/bingbot.htm)" "www.davidstratas.com"
40.77.167.13 - - [19/Oct/2022:21:50:05 -0700] "GET /ojai-ca/ HTTP/1.1" 404 88 "-" "Mozilla/5.0 AppleWebKit/537.36 (KHTML, like Gecko; compatible; bingbot/2.0; +http://www.bing.com/bingbot.htm) Chrome/103.0.5060.134 Safari/537.36" "davidstratas.com"
66.249.66.214 - - [19/Oct/2022:21:56:57 -0700] "GET /ads.txt HTTP/1.1" 404 88 "-" "Mozilla/5.0 (compatible; Googlebot/2.1; +http://www.google.com/bot.html)" "davidstratas.com"
89.248.165.195 - - [19/Oct/2022:21:57:37 -0700] "GET /wp-login.php HTTP/1.1" 404 73 "-" "fasthttp" "davidstratas.com"
37.120.221.86 - - [19/Oct/2022:22:00:07 -0700] "GET /adminnov3.html HTTP/1.1" 200 39077 "http://davidstratas.com" "Mozilla/5.0 (Windows NT 10.0; Win64; x64) AppleWebKit/537.36 (KHTML, like Gecko) Chrome/62.0.3202.94 Safari/537.36" "davidstratas.com"
123.183.224.89 - - [19/Oct/2022:22:02:37 -0700] "GET / HTTP/1.1" 200 240 "-" "Sogou web spider/4.0(+http://www.sogou.com/docs/help/webmasters.htm#07)" "davidstratas.com"
216.244.66.230 - - [19/Oct/2022:22:11:12 -0700] "GET /robots.txt HTTP/1.1" 404 73 "-" "Mozilla/5.0 (compatible; DotBot/1.2; +https://opensiteexplorer.org/dotbot; help@moz.com)" "www.davidstratas.com"
216.244.66.230 - - [19/Oct/2022:22:15:56 -0700] "GET /queensu2009/intro.html HTTP/1.1" 200 22116 "-" "Mozilla/5.0 (compatible; DotBot/1.2; +https://opensiteexplorer.org/dotbot; help@moz.com)" "www.davidstratas.com"
77.75.79.119 - - [19/Oct/2022:22:17:50 -0700] "GET /8.pdf HTTP/1.1" 304 - "-" "Mozilla/5.0 (compatible; SeznamBot/4.0-RC1; +http://napoveda.seznam.cz/seznambot-intro/)" "www.davidstratas.com"
207.46.13.86 - - [19/Oct/2022:22:37:33 -0700] "GET / HTTP/1.1" 200 240 "-" "Mozilla/5.0 AppleWebKit/537.36 (KHTML, like Gecko; compatible; bingbot/2.0; +http://www.bing.com/bingbot.htm) Chrome/103.0.5060.134 Safari/537.36" "www.davidstratas.com"
36.40.72.66 - - [19/Oct/2022:22:56:29 -0700] "GET / HTTP/1.1" 200 240 "-" "Mozilla/5.0 (iPhone; CPU iPhone OS 13_2_3 like Mac OS X) AppleWebKit/605.1.15 (KHTML, like Gecko) Version/13.0.3 Mobile/15E148 Safari/604.1" "www.davidstratas.com"
207.46.13.86 - - [19/Oct/2022:23:02:05 -0700] "GET /writing/2018writing2.ppt HTTP/1.1" 200 561152 "-" "Mozilla/5.0 (compatible; bingbot/2.0; +http://www.bing.com/bingbot.htm)" "davidstratas.com"
216.244.66.230 - - [19/Oct/2022:23:04:19 -0700] "GET /robots.txt HTTP/1.1" 404 73 "-" "Mozilla/5.0 (compatible; DotBot/1.2; +https://opensiteexplorer.org/dotbot; help@moz.com)" "www.davidstratas.com"
54.36.148.197 - - [19/Oct/2022:23:16:10 -0700] "GET /robots.txt HTTP/1.1" 404 88 "-" "Mozilla/5.0 (compatible; AhrefsBot/7.0; +http://ahrefs.com/robot/)" "davidstratas.com"
51.222.253.18 - - [19/Oct/2022:23:16:12 -0700] "GET / HTTP/1.1" 200 240 "-" "Mozilla/5.0 (compatible; AhrefsBot/7.0; +http://ahrefs.com/robot/)" "davidstratas.com"
77.88.5.46 - - [19/Oct/2022:23:20:08 -0700] "GET /robots.txt HTTP/1.1" 404 73 "-" "Mozilla/5.0 (compatible; YandexBot/3.0; +http://yandex.com/bots)" "davidstratas.com"
77.88.5.46 - - [19/Oct/2022:23:20:12 -0700] "GET /queensu/Tab4.pdf HTTP/1.1" 200 655370 "-" "Mozilla/5.0 (compatible; YandexBot/3.0; +http://yandex.com/bots)" "davidstratas.com"
66.249.66.200 - - [19/Oct/2022:23:20:41 -0700] "GET /robots.txt HTTP/1.1" 404 88 "-" "Mozilla/5.0 (compatible; Googlebot/2.1; +http://www.google.com/bot.html)" "davidstratas.com"
66.249.66.196 - - [20/Oct/2022:00:09:49 -0700] "GET /ads.txt HTTP/1.1" 404 88 "-" "Mozilla/5.0 (compatible; Googlebot/2.1; +http://www.google.com/bot.html)" "davidstratas.com"
157.55.39.162 - - [20/Oct/2022:00:22:01 -0700] "GET /writing/daytwo_exercises_recap.ppt HTTP/1.1" 200 226304 "-" "Mozilla/5.0 (compatible; bingbot/2.0; +http://www.bing.com/bingbot.htm)" "www.davidstratas.com"
207.46.13.18 - - [20/Oct/2022:00:36:24 -0700] "GET /Home-Theater/search HTTP/1.1" 404 88 "-" "Mozilla/5.0 (compatible; bingbot/2.0; +http://www.bing.com/bingbot.htm)" "davidstratas.com"
168.119.11.187 - - [20/Oct/2022:00:53:44 -0700] "GET /queensu/Tab3.pdf HTTP/1.1" 200 216050 "-" "Mozilla/5.0 (Windows NT 6.1; Win64; x64) AppleWebKit/537.36 (KHTML, like Gecko) Chrome/86.0.4240.198 Safari/537.36 OPR/72.0.3815.400" "davidstratas.com"
168.119.11.187 - - [20/Oct/2022:00:53:50 -0700] "GET /queensu/Tab3.pdf HTTP/1.1" 200 216050 "-" "Mozilla/5.0 (Windows NT 10.0; Win64; x64) AppleWebKit/537.36 (KHTML, like Gecko) Chrome/87.0.4280.88 Safari/537.36" "davidstratas.com"
35.172.233.203 - - [20/Oct/2022:00:54:24 -0700] "POST / HTTP/1.1" 200 240 "-" "Mozilla/5.0 (X11; Linux x86_64) AppleWebKit/537.36 (KHTML, like Gecko) Chrome/81.0.4044.129 Safari/537.36" "davidstratas.com"
35.172.233.203 - - [20/Oct/2022:00:54:26 -0700] "GET /vendor/phpunit/phpunit/src/Util/PHP/eval-stdin.php HTTP/1.1" 404 88 "-" "python-requests/2.26.0" "davidstratas.com"
118.184.177.50 - - [20/Oct/2022:01:19:53 -0700] "GET / HTTP/1.1" 200 240 "-" "Sogou web spider/4.0(+http://www.sogou.com/docs/help/webmasters.htm#07)" "www.davidstratas.com"
123.125.109.45 - - [20/Oct/2022:01:20:06 -0700] "GET / HTTP/1.1" 200 240 "-" "Sogou web spider/4.0(+http://www.sogou.com/docs/help/webmasters.htm#07)" "davidstratas.com"
192.200.158.230 - - [20/Oct/2022:01:26:01 -0700] "GET /adminnov3.html HTTP/1.1" 200 39077 "http://davidstratas.com" "Mozilla/5.0 (Windows NT 10.0; Win64; x64) AppleWebKit/537.36 (KHTML, like Gecko) Chrome/62.0.3202.94 Safari/537.36" "davidstratas.com"
207.46.13.18 - - [20/Oct/2022:02:23:05 -0700] "GET /queensu/01_12_files/?C=N;O=A HTTP/1.1" 200 375 "-" "Mozilla/5.0 AppleWebKit/537.36 (KHTML, like Gecko; compatible; bingbot/2.0; +http://www.bing.com/bingbot.htm) Chrome/103.0.5060.134 Safari/537.36" "www.davidstratas.com"
66.249.66.218 - - [20/Oct/2022:02:58:14 -0700] "GET /robots.txt HTTP/1.1" 404 88 "-" "Mozilla/5.0 (compatible; Googlebot/2.1; +http://www.google.com/bot.html)" "davidstratas.com"
216.244.66.230 - - [20/Oct/2022:04:19:26 -0700] "GET /robots.txt HTTP/1.1" 404 73 "-" "Mozilla/5.0 (compatible; DotBot/1.2; +https://opensiteexplorer.org/dotbot; help@moz.com)" "www.davidstratas.com"
40.77.167.103 - - [20/Oct/2022:04:25:11 -0700] "GET /robots.txt HTTP/1.1" 404 88 "-" "Mozilla/5.0 AppleWebKit/537.36 (KHTML, like Gecko; compatible; bingbot/2.0; +http://www.bing.com/bingbot.htm) Chrome/103.0.5060.134 Safari/537.36" "davidstratas.com"
157.55.39.202 - - [20/Oct/2022:04:25:12 -0700] "GET /writing/oldfiles/2015FINAL.ppt HTTP/1.1" 404 88 "-" "Mozilla/5.0 AppleWebKit/537.36 (KHTML, like Gecko; compatible; bingbot/2.0; +http://www.bing.com/bingbot.htm) Chrome/103.0.5060.134 Safari/537.36" "davidstratas.com"
157.55.39.202 - - [20/Oct/2022:05:26:28 -0700] "GET /santa-clarita-ca/open-house/ HTTP/1.1" 404 88 "-" "Mozilla/5.0 (compatible; bingbot/2.0; +http://www.bing.com/bingbot.htm)" "davidstratas.com"
37.46.113.210 - - [20/Oct/2022:05:42:14 -0700] "GET /adminnov3.html HTTP/1.1" 200 39077 "http://davidstratas.com" "Mozilla/5.0 (Windows NT 10.0; Win64; x64) AppleWebKit/537.36 (KHTML, like Gecko) Chrome/62.0.3202.94 Safari/537.36" "davidstratas.com"
193.235.141.170 - - [20/Oct/2022:05:51:16 -0700] "GET / HTTP/1.1" 200 240 "-" "Mozilla/5.0 (Windows NT 10.0; Win64; x64) AppleWebKit/537.36 (KHTML, like Gecko) Chrome/105.0.0.0 Safari/537.36" "davidstratas.com"
193.235.141.170 - - [20/Oct/2022:05:51:16 -0700] "GET /favicon.ico HTTP/1.1" 404 88 "-" "Mozilla/5.0 (Windows NT 10.0; Win64; x64) AppleWebKit/537.36 (KHTML, like Gecko) Chrome/105.0.0.0 Safari/537.36" "davidstratas.com"
49.7.21.113 - - [20/Oct/2022:05:56:30 -0700] "GET / HTTP/1.1" 200 240 "-" "Sogou web spider/4.0(+http://www.sogou.com/docs/help/webmasters.htm#07)" "davidstratas.com"
34.138.183.17 - - [20/Oct/2022:06:01:38 -0700] "GET /robots.txt HTTP/1.1" 404 88 "-" "ZoominfoBot (zoominfobot at zoominfo dot com)" "www.davidstratas.com"
34.138.183.17 - - [20/Oct/2022:06:01:38 -0700] "GET / HTTP/1.1" 200 240 "-" "ZoominfoBot (zoominfobot at zoominfo dot com)" "www.davidstratas.com"
216.244.66.230 - - [20/Oct/2022:06:03:51 -0700] "GET /robots.txt HTTP/1.1" 404 73 "-" "Mozilla/5.0 (compatible; DotBot/1.2; +https://opensiteexplorer.org/dotbot; help@moz.com)" "www.davidstratas.com"
